visor of z and l.
10
Let v(u) = -u**2 - u + 7. Suppose 2*q + 0*q = 0. Let g be v(q). Suppose -g*s + 220 = -3*s. Calculate the highest common divisor of s and 5.
5
Let x(g) = g**2 - 6*g - 1. Let c be (3/(-6) + 0)*-6. Let f be x(c). Let r = f - -21. What is the highest common factor of 11 and r?
11
Let q(j) = -5*j + 16. Let o be q(2). Calculate the greatest common factor of 15 and o.
3
Suppose 3*v - 220 = -v. Suppose 6*h = -16 + 46. Calculate the highest common divisor of h and v.
5
Suppose 2*t + 2*o - 124 = 0, 4*o - 481 = -5*t - 170. Let k = -41 + t. Calculate the greatest common divisor of 110 and k.
22
Let v(c) = c**3 + 6*c**2 + 4*c + 6. Let g be v(-5). What is the greatest common divisor of g and 55?
11
Let a = 10 + 8. Suppose -9 = -3*t - 0*t. Suppose -5*i - g + 450 = g, i - 90 = t*g. Calculate the greatest common divisor of i and a.
18
Suppose 4*a + t - 4*t = 104, -5*a + 165 = 5*t. Let s = -10 + a. Calculate the highest common divisor of 95 and s.
19
Suppose 3*q = -2*q + 5*a - 15, 0 = q + 5*a - 27. Let l(n) = -2*n - 4. Let k be l(-5). Suppose k*s = q*s + 24. Calculate the highest common factor of 15 and s.
3
Suppose -5*r + 25 = -0. Suppose -3*o + 138 = -2*b, b + 184 = 4*o - 2*b. Let q = o + -26. Calculate the highest common divisor of q and r.
5
Let g(c) = c**3 - 2*c**2 + c - 1. Let s(u) = u + 6. Let t be s(-4). Let j be g(t). Calculate the greatest common divisor of j and 9.
1
Let z(d) = d**3 - d**2. Let l be z(0). Suppose l = 2*f + 2, 3*n = 4*n + 4*f - 6. Calculate the highest common factor of n and 30.
10
Suppose 0 = 2*a + 5*o - 767, -4*a + 7*a + o - 1183 = 0. Suppose 2*c - a = -c. Calculate the highest common factor of c and 12.
12
Let c = -42 + 28. Let i = c - -31. Let b = -95 + 248. Calculate the highest common factor of i and b.
17
Suppose -7*y = -3*y + 4. Let z be (-3)/(y - 0) - -8. Calculate the greatest common divisor of z and 110.
11
Suppose 0 = -5*j + 43 + 357. Let f be 13/(2 + (-6)/4). Let v = -16 + f. Calculate the highest common factor of v and j.
10
Suppose -98 = -3*x + 322. Suppose 5*s - 3*t - 82 = 0, -4*s + 2*s - t = -24. What is the highest common divisor of x and s?
14
Let c = -65 - -31. Let r = c + 74. What is the highest common factor of r and 5?
5
Let w be 37 - ((-9)/(-6) + 7/(-2)). Calculate the highest common divisor of w and 78.
39
Let j(s) = -s**3 - 7*s**2 - 4*s - 9. Let m be j(-8). Let a = m + -59. Calculate the highest common factor of a and 7.
7
Suppose 3*j - 1146 = 30. Suppose 2*x + 3*x = 15. Suppose -u + j = x*u. What is the greatest common factor of u and 14?
14
Let d(v) = 8*v**3 - 2*v**2 - 4*v. Let b be d(-4). Let k be (3 - 0)/((-8)/b). What is the highest common divisor of k and 18?
18
Let m be 78/24 + (-3)/(-4). Suppose 3*w + m*f - 16 = 58, 0 = -4*w + 5*f + 78. What is the highest common factor of w and 33?
11
Suppose 3*r - 2*r = 2*o - 31, 4*o = 3*r + 67. What is the greatest common divisor of 13 and o?
13
Suppose 0 = 4*j + 5 + 3. Let v be (-34)/(-10) + j/5. Calculate the greatest common divisor of v and 21.
3
Suppose -3*d - 96 = d. Let x = d - -35. What is the highest common factor of 77 and x?
11
Let s be (3 + 2)/((-2)/(-50)). What is the greatest common divisor of 25 and s?
25
Suppose 0 = 5*f - 3*n - 26, 0 = 3*f + f + 4*n - 8. Let s be ((-3)/f)/(5/(-120)). What is the highest common divisor of 18 and s?
18
Let l = 13 - 6. Let y(t) = -t**3 + 8*t**2 - 5*t - 6. Let p be y(l). What is the greatest common divisor of p and 64?
8
Suppose 2*c = -x + 4*c + 181, -583 = -3*x - 4*c. Suppose -36 - x = -5*v. Calculate the greatest common factor of 5 and v.
5
Suppose -44 = -i - 2*a, -2*i - a + 74 = -4*a. What is the highest common factor of 5 and i?
5
Suppose r + 4 = -0*r. Let w(x) = 4*x**2 + 5*x + 6. Let j be w(r). Let y(o) = -o - 1. Let d be y(-21). What is the greatest common factor of d and j?
10
Suppose 0 = -3*g - 4*j + 3, -5*g + 5 = j + 4*j. Calculate the highest common divisor of 5 and g.
1
Suppose -2*p = 109 - 361. Let y(s) = -5*s - 1. Let c(u) = -u**2 - 7*u - 9. Let k be c(-6). Let g be y(k). Calculate the highest common divisor of g and p.
14
Let f be (-1)/2*2 + 393. Suppose -7*a = -11*a + f. What is the greatest common divisor of a and 14?
14
Let o(a) = -a**3 + 8*a**2 + 2*a - 4. Let c be o(6). Let i be (-4)/(-22) + 225/33 + 3. Calculate the greatest common factor of c and i.
10
Let q = 100 - 65. Let u be ((-30)/(-3))/5 + 12 + 0. Calculate the greatest common divisor of u and q.
7
Let h = 46 + -16. What is the highest common divisor of h and 20?
10
Let n(s) = -2*s**3 + 2*s**2 - s + 1. Let p be n(2). Let i = 0 - p. Suppose v - 8 = 1. Calculate the highest common factor of i and v.
9
Let m be 0*(-2 - 10/(-4)). Suppose -2*n - 13 + 1 = m. Let t = n - -11. Calculate the highest common divisor of t and 10.
5
Let i(w) = 6*w**2 - 3*w + 3. Let t be i(-3). Let l be (-5 - -2)*21/9. Let c = l - -18. Calculate the highest common factor of c and t.
11
Let u = -6 + -2. Let a(r) = 1. Let i(z) = -z - 11. Let f(n) = 6*a(n) - i(n). Let j be f(u). What is the greatest common divisor of j and 36?
9
Suppose 4*n = 29 + 19. What is the highest common divisor of 8 and n?
4
Suppose -c - 19 = 23. Let h = c + 75. Calculate the highest common factor of h and 22.
11
Let s be 6/24 - 614/(-8). Let d(j) = j**2 + j - 5. Let o be d(-4). Calculate the highest common factor of s and o.
7
Let a be (4 - (-4)/(-4))*6. What is the highest common factor of 36 and a?
18
Let d be -2 - -4 - (-3 + 0 - 23). What is the greatest common divisor of d and 42?
14
Let g(p) = -p**3 - 8*p**2 - 12*p - 11. Let l be g(-7). Calculate the greatest common divisor of l and 60.
12
Suppose 4*r - c = -4*c + 231, 0 = 4*r + c - 237. What is the greatest common factor of 12 and r?
12
Suppose -2*c + 7 = -27. What is the greatest common factor of c and 187?
17
Suppose -89 + 17 = -2*t - 2*d, 10 = -5*d. Let x be 94 + (0 + 1 - 2) + 2. What is the greatest common factor of t and x?
19
Suppose -j + 4*j - 73 = 5*m, 4*j = 4*m + 100. What is the highest common divisor of j and 52?
26
Let j(z) = -2 + 3 - z - 3*z + 3*z. Let o(h) = -h**3 - 4*h**2 + 6*h - 4. Let f be o(-5). Let k be j(f). Calculate the greatest common divisor of 70 and k.
10
Let a = 15 + -72. Let l(p) = p - 4. Let u be l(2). Let b = u - a. What is the greatest common factor of b and 11?
11
Let a(b) = b**2 + 7*b - 4. Let f be ((-9)/(-4))/(9/(-36)). Let y be a(f). What is the greatest common factor of y and 112?
14
Suppose 2*z - 18 = -4*a, 3*z - 6*a - 27 = -3*a. What is the greatest common divisor of 18 and z?
9
Let d be -1*1 + 45/3. Suppose 0 = -4*u - 3*m + 20, 5*u + 4*m - 26 = -0*m. What is the highest common factor of u and d?
2
Suppose -4*v + 8 = -0*v. Suppose -28 = -3*u + v*u. Calculate the greatest common divisor of u and 56.
28
Let p(m) = 23*m. Let o be p(5). Let j = 77 - 54. Calculate the highest common factor of o and j.
23
Suppose 0 = -f + 2*j + 1, 3*j - 8 = 4*f + 13. Let u = f + 15. Suppose -u = -2*g - g. What is the greatest common divisor of g and 4?
2
Let h = -24 + 33. Calculate the highest common divisor of 6 and h.
3
Suppose 5*x = 4*x + 3. Suppose 2 + 6 = 2*k. Suppose k*p + 9 = 3*s, 0*s - 3 = -s - p. Calculate the highest common factor of x and s.
3
Let d be 1*(6/2 - -2). Suppose 3 = 2*r - d. Calculate the highest common divisor of r and 28.
4
Let i = -31 + 19. Let d be 98/8 - (-3)/i. What is the greatest common factor of 12 and d?
12
Suppose 52 = 17*w - 13*w. Calculate the highest common factor of w and 52.
13
Let j(y) = y**3 + 7*y**2 - 8*y + 3. Let s be j(-8). Suppose -2*p - s*p = c - 609, -16 = -4*c. Calculate the highest common factor of p and 11.
11
Let n(a) = a**3 - 16*a**2 + 16*a - 12. Let v be n(15). What is the highest common divisor of 21 and v?
3
Let s(n) = n**3 - 5*n**2 + 3*n + 1. Let i be s(5). Let k be ((-45)/(-10))/(1/10). Let u = 85 - k. What is the highest common divisor of i and u?
8
Let s be (-1)/(-3) - (-26)/3. Let g be (-2)/9 + 92/s. What is the greatest common divisor of g and 80?
10
Suppose -4*j - 8*h = -6*h - 42, 3*h = -9. Calculate the highest common divisor of j and 9.
3
Suppose -36 - 64 = -2*n. What is the greatest common factor of n and 10?
10
Let x = -38 + 150. What is the greatest common factor of x and 16?
16
Let q = 27 + -14. Let c(t) = -t**2 - 5*t - 2. Let z be c(-6). L